{"id":289,"date":"2017-06-27T16:29:35","date_gmt":"2017-06-27T14:29:35","guid":{"rendered":"http:\/\/www.sonarscope.hr\/shop\/?page_id=289"},"modified":"2023-03-27T09:34:18","modified_gmt":"2023-03-27T07:34:18","slug":"otkazivanje","status":"publish","type":"page","link":"https:\/\/www.sonarscope.hr\/shop\/otkazivanje\/","title":{"rendered":"Otkazivanje"},"content":{"rendered":"<div id=\"unsubDefault\" class=\"centerColumn\">\n<p>\u017dao nam je \u010duti da \u017eelite otkazati primanje na\u0161ih e-mail obavjesti. Ako ste zabrinuti zbog privatnosti, molimo, pogledajte <u>obavjest o privatnosti<\/u>.<\/p>\n<p>Prijavljeni na na\u0161e obavjesti primaju obavjesti o novim proizvodima, smanjenju cijena, i ostalim novostima.<\/p>\n<p>Ako jo\u0161 uvijek ne \u017eelite primati obavjesti, kliknite slijede\u0107e dugme.<br \/>\n( Odvest \u0107e Vas na stranicu &#8220;moj ra\u010dun&#8221;, gdje mo\u017eete promjeniti status obavjesti&#8230; )<\/p>\n<\/div>\n","protected":false},"excerpt":{"rendered":"<p>\u017dao nam je \u010duti da \u017eelite otkazati primanje na\u0161ih e-mail obavjesti. Ako ste zabrinuti zbog privatnosti, molimo, pogledajte obavjest o privatnosti. Prijavljeni na na\u0161e obavjesti primaju obavjesti o novim proizvodima, smanjenju cijena, i ostalim novostima. Ako jo\u0161 uvijek ne \u017eelite primati obavjesti, kliknite slijede\u0107e dugme. ( Odvest \u0107e Vas na stranicu &#8220;moj ra\u010dun&#8221;, gdje mo\u017eete&hellip;&nbsp;<a href=\"https:\/\/www.sonarscope.hr\/shop\/otkazivanje\/\" rel=\"bookmark\">Read More &raquo;<span class=\"screen-reader-text\">Otkazivanje<\/span><\/a><\/p>\n","protected":false},"author":1,"featured_media":0,"parent":0,"menu_order":0,"comment_status":"closed","ping_status":"closed","template":"","meta":{"neve_meta_sidebar":"full-width","neve_meta_container":"","neve_meta_enable_content_width":"off","neve_meta_content_width":100,"neve_meta_title_alignment":"","neve_meta_author_avatar":"","neve_post_elements_order":"","neve_meta_disable_header":"","neve_meta_disable_footer":"","neve_meta_disable_title":"","_joinchat":[],"footnotes":""},"class_list":["post-289","page","type-page","status-publish","hentry"],"yoast_head":"<!-- This site is optimized with the Yoast SEO plugin v27.5 - https:\/\/yoast.com\/product\/yoast-seo-wordpress\/ -->\n<title>Otkazivanje - Sonarscope Pro Audio<\/title>\n<meta name=\"robots\" content=\"index, follow, max-snippet:-1, max-image-preview:large, max-video-preview:-1\" \/>\n<link rel=\"canonical\" href=\"https:\/\/www.sonarscope.hr\/shop\/otkazivanje\/\" \/>\n<meta property=\"og:locale\" content=\"hr_HR\" \/>\n<meta property=\"og:type\" content=\"article\" \/>\n<meta property=\"og:title\" content=\"Otkazivanje - Sonarscope Pro Audio\" \/>\n<meta property=\"og:description\" content=\"\u017dao nam je \u010duti da \u017eelite otkazati primanje na\u0161ih e-mail obavjesti. Ako ste zabrinuti zbog privatnosti, molimo, pogledajte obavjest o privatnosti. Prijavljeni na na\u0161e obavjesti primaju obavjesti o novim proizvodima, smanjenju cijena, i ostalim novostima. Ako jo\u0161 uvijek ne \u017eelite primati obavjesti, kliknite slijede\u0107e dugme. ( Odvest \u0107e Vas na stranicu &#8220;moj ra\u010dun&#8221;, gdje mo\u017eete&hellip;&nbsp;Read More &raquo;Otkazivanje\" \/>\n<meta property=\"og:url\" content=\"https:\/\/www.sonarscope.hr\/shop\/otkazivanje\/\" \/>\n<meta property=\"og:site_name\" content=\"Sonarscope Pro Audio\" \/>\n<meta property=\"article:publisher\" content=\"https:\/\/www.facebook.com\/sonarscope\" \/>\n<meta property=\"article:modified_time\" content=\"2023-03-27T07:34:18+00:00\" \/>\n<meta name=\"twitter:card\" content=\"summary_large_image\" \/>\n<meta name=\"twitter:site\" content=\"@sonarscope\" \/>\n<meta name=\"twitter:label1\" content=\"Procijenjeno vrijeme \u010ditanja\" \/>\n\t<meta name=\"twitter:data1\" content=\"1 minuta\" \/>\n<script type=\"application\/ld+json\" class=\"yoast-schema-graph\">{\"@context\":\"https:\\\/\\\/schema.org\",\"@graph\":[{\"@type\":\"WebPage\",\"@id\":\"https:\\\/\\\/www.sonarscope.hr\\\/shop\\\/otkazivanje\\\/\",\"url\":\"https:\\\/\\\/www.sonarscope.hr\\\/shop\\\/otkazivanje\\\/\",\"name\":\"Otkazivanje - Sonarscope Pro Audio\",\"isPartOf\":{\"@id\":\"https:\\\/\\\/www.sonarscope.hr\\\/shop\\\/#website\"},\"datePublished\":\"2017-06-27T14:29:35+00:00\",\"dateModified\":\"2023-03-27T07:34:18+00:00\",\"breadcrumb\":{\"@id\":\"https:\\\/\\\/www.sonarscope.hr\\\/shop\\\/otkazivanje\\\/#breadcrumb\"},\"inLanguage\":\"hr\",\"potentialAction\":[{\"@type\":\"ReadAction\",\"target\":[\"https:\\\/\\\/www.sonarscope.hr\\\/shop\\\/otkazivanje\\\/\"]}]},{\"@type\":\"BreadcrumbList\",\"@id\":\"https:\\\/\\\/www.sonarscope.hr\\\/shop\\\/otkazivanje\\\/#breadcrumb\",\"itemListElement\":[{\"@type\":\"ListItem\",\"position\":1,\"name\":\"Home\",\"item\":\"https:\\\/\\\/www.sonarscope.hr\\\/shop\\\/\"},{\"@type\":\"ListItem\",\"position\":2,\"name\":\"Otkazivanje\"}]},{\"@type\":\"WebSite\",\"@id\":\"https:\\\/\\\/www.sonarscope.hr\\\/shop\\\/#website\",\"url\":\"https:\\\/\\\/www.sonarscope.hr\\\/shop\\\/\",\"name\":\"Sonarscope Pro Audio\",\"description\":\"DJ i Pro Audio studijska oprema\",\"publisher\":{\"@id\":\"https:\\\/\\\/www.sonarscope.hr\\\/shop\\\/#organization\"},\"potentialAction\":[{\"@type\":\"SearchAction\",\"target\":{\"@type\":\"EntryPoint\",\"urlTemplate\":\"https:\\\/\\\/www.sonarscope.hr\\\/shop\\\/?s={search_term_string}\"},\"query-input\":{\"@type\":\"PropertyValueSpecification\",\"valueRequired\":true,\"valueName\":\"search_term_string\"}}],\"inLanguage\":\"hr\"},{\"@type\":\"Organization\",\"@id\":\"https:\\\/\\\/www.sonarscope.hr\\\/shop\\\/#organization\",\"name\":\"Sonarscope Pro Audio\",\"url\":\"https:\\\/\\\/www.sonarscope.hr\\\/shop\\\/\",\"logo\":{\"@type\":\"ImageObject\",\"inLanguage\":\"hr\",\"@id\":\"https:\\\/\\\/www.sonarscope.hr\\\/shop\\\/#\\\/schema\\\/logo\\\/image\\\/\",\"url\":\"https:\\\/\\\/www.sonarscope.hr\\\/shop\\\/wp-content\\\/uploads\\\/2020\\\/02\\\/cropped-cropped-cropped-cropped-Sonarscope_logotip_470_110-1.png\",\"contentUrl\":\"https:\\\/\\\/www.sonarscope.hr\\\/shop\\\/wp-content\\\/uploads\\\/2020\\\/02\\\/cropped-cropped-cropped-cropped-Sonarscope_logotip_470_110-1.png\",\"width\":470,\"height\":72,\"caption\":\"Sonarscope Pro Audio\"},\"image\":{\"@id\":\"https:\\\/\\\/www.sonarscope.hr\\\/shop\\\/#\\\/schema\\\/logo\\\/image\\\/\"},\"sameAs\":[\"https:\\\/\\\/www.facebook.com\\\/sonarscope\",\"https:\\\/\\\/x.com\\\/sonarscope\",\"https:\\\/\\\/www.instagram.com\\\/sonarscope\\\/\",\"https:\\\/\\\/www.linkedin.com\\\/company\\\/sonarscope\",\"https:\\\/\\\/www.youtube.com\\\/user\\\/sonarscopevideo\"]}]}<\/script>\n<!-- \/ Yoast SEO plugin. -->","yoast_head_json":{"title":"Otkazivanje - Sonarscope Pro Audio","robots":{"index":"index","follow":"follow","max-snippet":"max-snippet:-1","max-image-preview":"max-image-preview:large","max-video-preview":"max-video-preview:-1"},"canonical":"https:\/\/www.sonarscope.hr\/shop\/otkazivanje\/","og_locale":"hr_HR","og_type":"article","og_title":"Otkazivanje - Sonarscope Pro Audio","og_description":"\u017dao nam je \u010duti da \u017eelite otkazati primanje na\u0161ih e-mail obavjesti. Ako ste zabrinuti zbog privatnosti, molimo, pogledajte obavjest o privatnosti. Prijavljeni na na\u0161e obavjesti primaju obavjesti o novim proizvodima, smanjenju cijena, i ostalim novostima. Ako jo\u0161 uvijek ne \u017eelite primati obavjesti, kliknite slijede\u0107e dugme. ( Odvest \u0107e Vas na stranicu &#8220;moj ra\u010dun&#8221;, gdje mo\u017eete&hellip;&nbsp;Read More &raquo;Otkazivanje","og_url":"https:\/\/www.sonarscope.hr\/shop\/otkazivanje\/","og_site_name":"Sonarscope Pro Audio","article_publisher":"https:\/\/www.facebook.com\/sonarscope","article_modified_time":"2023-03-27T07:34:18+00:00","twitter_card":"summary_large_image","twitter_site":"@sonarscope","twitter_misc":{"Procijenjeno vrijeme \u010ditanja":"1 minuta"},"schema":{"@context":"https:\/\/schema.org","@graph":[{"@type":"WebPage","@id":"https:\/\/www.sonarscope.hr\/shop\/otkazivanje\/","url":"https:\/\/www.sonarscope.hr\/shop\/otkazivanje\/","name":"Otkazivanje - Sonarscope Pro Audio","isPartOf":{"@id":"https:\/\/www.sonarscope.hr\/shop\/#website"},"datePublished":"2017-06-27T14:29:35+00:00","dateModified":"2023-03-27T07:34:18+00:00","breadcrumb":{"@id":"https:\/\/www.sonarscope.hr\/shop\/otkazivanje\/#breadcrumb"},"inLanguage":"hr","potentialAction":[{"@type":"ReadAction","target":["https:\/\/www.sonarscope.hr\/shop\/otkazivanje\/"]}]},{"@type":"BreadcrumbList","@id":"https:\/\/www.sonarscope.hr\/shop\/otkazivanje\/#breadcrumb","itemListElement":[{"@type":"ListItem","position":1,"name":"Home","item":"https:\/\/www.sonarscope.hr\/shop\/"},{"@type":"ListItem","position":2,"name":"Otkazivanje"}]},{"@type":"WebSite","@id":"https:\/\/www.sonarscope.hr\/shop\/#website","url":"https:\/\/www.sonarscope.hr\/shop\/","name":"Sonarscope Pro Audio","description":"DJ i Pro Audio studijska oprema","publisher":{"@id":"https:\/\/www.sonarscope.hr\/shop\/#organization"},"potentialAction":[{"@type":"SearchAction","target":{"@type":"EntryPoint","urlTemplate":"https:\/\/www.sonarscope.hr\/shop\/?s={search_term_string}"},"query-input":{"@type":"PropertyValueSpecification","valueRequired":true,"valueName":"search_term_string"}}],"inLanguage":"hr"},{"@type":"Organization","@id":"https:\/\/www.sonarscope.hr\/shop\/#organization","name":"Sonarscope Pro Audio","url":"https:\/\/www.sonarscope.hr\/shop\/","logo":{"@type":"ImageObject","inLanguage":"hr","@id":"https:\/\/www.sonarscope.hr\/shop\/#\/schema\/logo\/image\/","url":"https:\/\/www.sonarscope.hr\/shop\/wp-content\/uploads\/2020\/02\/cropped-cropped-cropped-cropped-Sonarscope_logotip_470_110-1.png","contentUrl":"https:\/\/www.sonarscope.hr\/shop\/wp-content\/uploads\/2020\/02\/cropped-cropped-cropped-cropped-Sonarscope_logotip_470_110-1.png","width":470,"height":72,"caption":"Sonarscope Pro Audio"},"image":{"@id":"https:\/\/www.sonarscope.hr\/shop\/#\/schema\/logo\/image\/"},"sameAs":["https:\/\/www.facebook.com\/sonarscope","https:\/\/x.com\/sonarscope","https:\/\/www.instagram.com\/sonarscope\/","https:\/\/www.linkedin.com\/company\/sonarscope","https:\/\/www.youtube.com\/user\/sonarscopevideo"]}]}},"_links":{"self":[{"href":"https:\/\/www.sonarscope.hr\/shop\/wp-json\/wp\/v2\/pages\/289","targetHints":{"allow":["GET"]}}],"collection":[{"href":"https:\/\/www.sonarscope.hr\/shop\/wp-json\/wp\/v2\/pages"}],"about":[{"href":"https:\/\/www.sonarscope.hr\/shop\/wp-json\/wp\/v2\/types\/page"}],"author":[{"embeddable":true,"href":"https:\/\/www.sonarscope.hr\/shop\/wp-json\/wp\/v2\/users\/1"}],"replies":[{"embeddable":true,"href":"https:\/\/www.sonarscope.hr\/shop\/wp-json\/wp\/v2\/comments?post=289"}],"version-history":[{"count":2,"href":"https:\/\/www.sonarscope.hr\/shop\/wp-json\/wp\/v2\/pages\/289\/revisions"}],"predecessor-version":[{"id":291,"href":"https:\/\/www.sonarscope.hr\/shop\/wp-json\/wp\/v2\/pages\/289\/revisions\/291"}],"wp:attachment":[{"href":"https:\/\/www.sonarscope.hr\/shop\/wp-json\/wp\/v2\/media?parent=289"}],"curies":[{"name":"wp","href":"https:\/\/api.w.org\/{rel}","templated":true}]}}